921?
True
Is 360597 even?
False
Is 802 a factor of 631976?
True
Does 121 divide 13277572?
True
Does 183 divide 310551?
True
Does 13 divide 17638?
False
Is 2035470 a multiple of 57?
True
Does 119 divide 1534267?
True
Does 8 divide 13056?
True
Is 12 a factor of 1956552?
True
Does 4 divide 114356?
True
Does 726 divide 3365010?
True
Is 53 a factor of 98294?
False
Is 2 a factor of 138430?
True
Is 2457 a multiple of 273?
True
Is 207 a factor of 254610?
True
Is 951 a factor of 2450727?
True
Is 16207 a multiple of 102?
False
Is 79560 a multiple of 15?
True
Is 114424 a multiple of 11?
False
Is 10 a factor of 53950?
True
Does 15 divide 5340?
True
Is 180 a factor of 8379?
False
Is 121858 a multiple of 382?
True
Does 381 divide 2257816?
False
Is 113730 a multiple of 223?
True
Does 261 divide 2051249?
False
Does 45 divide 1684305?
True
Is 20094 even?
True
Is 533610 a multiple of 63?
True
Is 5 a factor of 99471?
False
Is 12740 a multiple of 245?
True
Is 6554 a multiple of 16?
False
Is 11 a factor of 12294425?
True
Is 1062 a multiple of 3?
True
Is 14 a factor of 25564?
True
Is 1098199 a multiple of 903?
False
Is 325280 a multiple of 304?
True
Is 92 a factor of 135056?
True
Does 671 divide 762529?
False
Does 23 divide 6867823?
True
Does 158 divide 21215004?
False
Does 362 divide 165198?
False
Is 92 a factor of 236875?
False
Does 12 divide 1005972?
True
Does 13 divide 67054?
True
Is 77 a factor of 3176558?
True
Does 739 divide 851013?
False
Does 265 divide 469845?
True
Is 17551800 a multiple of 525?
True
Is 11 a factor of 169114?
True
Does 64 divide 14538?
False
Is 609 a factor of 2643851?
False
Is 165184 a multiple of 178?
True
Is 5395952 a multiple of 14?
False
Is 191102 a multiple of 94?
True
Does 27 divide 479466?
True
Does 61 divide 1557452?
True
Is 39 a factor of 111420?
False
Is 6 a factor of 170466?
True
Is 45317 a multiple of 33?
False
Is 105 a factor of 714525?
True
Does 7 divide 267001?
True
Does 12 divide 191400?
True
Is 416405 a multiple of 1243?
True
Does 216 divide 173880?
True
Does 97 divide 3903862?
True
Is 346 a factor of 5603067?
False
Is 1891630 a multiple of 13?
True
Is 53 a factor of 13462?
True
Does 74 divide 2757610?
True
Does 19 divide 920550?
True
Does 11 divide 342685?
False
Is 20 a factor of 548340?
True
Is 6 a factor of 77484?
True
Is 22399165 a multiple of 863?
True
Is 739 a factor of 276386?
True
Is 80 a factor of 6658?
False
Is 12078 a multiple of 4?
False
Is 33 a factor of 298452?
True
Is 102765 a multiple of 31?
True
Is 12149358 a multiple of 327?
True
Does 11 divide 1327284?
False
Does 23 divide 991393?
False
Is 796237 a multiple of 4?
False
Is 153816 a multiple of 204?
True
Does 16 divide 158361?
False
Is 2208 a factor of 2033568?
True
Does 200 divide 912400?
True
Is 1636962 a multiple of 327?
True
Is 3534618 a multiple of 237?
True
Does 303 divide 118934?
False
Is 5158783 a multiple of 13?
False
Does 26 divide 4516566?
False
Is 264149 even?
False
Is 79844 a multiple of 359?
False
Is 221529 a multiple of 11?
True
Is 1439653 a multiple of 38?
False
Is 2396765 a multiple of 1085?
True
Is 79256 a multiple of 5?
False
Is 223934 a multiple of 19?
True
Is 306774 a multiple of 18?
True
Does 34 divide 365203?
False
Is 24 a factor of 151536?
True
Is 731462 a multiple of 3?
False
Is 32331270 a multiple of 15?
True
Is 17 a factor of 128506?
False
Is 55 a factor of 4687210?
True
Is 671 a factor of 226127?
True
Is 1995043 a multiple of 6?
False
Does 29 divide 35264?
True
Is 84 a factor of 4757305?
False
Is 2 a factor of 21977?
False
Is 1937440 a multiple of 16?
True
Does 19 divide 312873?
True
Is 23 a factor of 15030?
False
Is 3587571 a multiple of 351?
True
Is 12593477 a multiple of 13?
True
Is 78 a factor of 5314?
False
Is 111 a factor of 159000?
False
Is 54991 a multiple of 433?
True
Does 1452 divide 6152922?
False
Is 1039304 a multiple of 14?
True
Is 23 a factor of 1085255?
True
Is 1276668 a multiple of 36?
True
Is 5181096 a multiple of 244?
True
Does 921 divide 1253481?
True
Is 70932 a multiple of 46?
True
Is 164 a factor of 712252?
True
Is 436464 a multiple of 28?
True
Is 663282 a multiple of 346?
True
Is 760167 a multiple of 4?
False
Is 512543 a multiple of 6?
False
Does 90 divide 99180?
True
Is 689 a factor of 2868388?
False
Is 47 a factor of 41222?
False
Is 6 a factor of 626496?
True
Is 17 a factor of 2801?
False
Is 7917377 a multiple of 729?
False
Is 7129326 a multiple of 14?
False
Is 226713 a multiple of 2?
False
Does 530 divide 621160?
True
Is 18 a factor of 186228?
True
Is 170061 a multiple of 4?
False
Is 1068958 a multiple of 6?
False
Is 20 a factor of 65536?
False
Is 347 a factor of 213405?
True
Is 12198440 a multiple of 20?
True
Does 229 divide 184517?
False
Is 179102 a multiple of 7?
True
Does 20 divide 154040?
True
Is 262248 a multiple of 446?
True
Does 79 divide 2212?
True
Is 2444044 a multiple of 3?
False
Is 152185 a multiple of 17?
False
Does 39 divide 666154?
False
Is 100 a factor of 244720?
False
Is 4146802 a multiple of 226?
False
Is 61 a factor of 1420842?
False
Is 62 a factor of 58097?
False
Is 57600 a multiple of 300?
True
Does 13 divide 34801?
True
Is 323 a factor of 1914172?
False
Is 6 a factor of 251388?
True
Is 3388929 a multiple of 7?
False
Does 24 divide 80400?
True
Does 289 divide 2424421?
True
Is 8 a factor of 7023531?
False
Is 193 a factor of 441695?
False
Is 121189 a multiple of 45?
False
Is 2703844 a multiple of 10?
False
Does 128 divide 63762?
False
Is 9 a factor of 1626061?
False
Is 10 a factor of 5501490?
True
Does 3 divide 237260?
False
Does 268 divide 6560908?
True
Is 31 a factor of 1005793?
False
Is 127 a factor of 289052?
True
Is 10 a factor of 425080?
True
Does 23 divide 40940?
True
Is 52 a factor of 244302?
False
Is 212 a factor of 151368?
True
Is 504643 a multiple of 851?
True
Is 74 a factor of 4096563?
False
Is 148 a factor of 93684?
True
Is 24127 a multiple of 23?
True
Does 18 divide 3279?
False
Is 2059687 a multiple of 173?
False
Does 396 divide 2618352?
True
Does 112 divide 10109568?
True
Is 1490 a factor of 4238481?
False
Is 90 a factor of 16123702?
False
Does 113 divide 671559?
True
Is 112433 a multiple of 5?
False
Is 9 a factor of 1113480?
True
Is 50 a factor of 143126?
False
Is 150 a factor of 1084347?
False
Is 77 a factor of 4338257?
True
Is 36 a factor of 3052332?
True
Does 48 divide 79065?
False
Is 14 a factor of 18744?
False
Is 13 a factor of 2711366?
False
Does 9 divide 270349?
False
Is 480 a factor of 549120?
True
Does 4 divide 474250?
False
Is 23 a factor of 4945?
True
Does 16 divide 284304?
True
Does 45 divide 587925?
True
Does 568 divide 437360?
True
Is 1022434 a multiple of 14?
True
Does 7 divide 4612?
False
Is 4 a factor of 665846?
False
Is 17 a factor of 488053?
True
Is 35 a factor of 2290929?
False
Is 2296580 a multiple of 484?
True
Is 739781 a multiple of 13?
False
Does 229 divide 1406848?
False
Does 10 divide 65048?
False
Does 6 divide 699558?
True
Is 8 a factor of 411455?
False
Does 83 divide 21361?
False
Is 461 a factor of 34114?
True
Is 41 a factor of 37012?
False
Does 573 divide 644625?
True
Does 455 divide 3156790?
True
Is 1689234 a multiple of 175?
False
Is 178560 a multiple of 40?
True
Does 102 divide 1281528?
True
Is 26796 a multiple of 174?
True
Is 3832352 a multiple of 368?
True
Is 107 a factor of 213625?
False
Is 10 a factor of 2705432?
False
Is 332010 a multiple of 90?
True
Does 42 divide 11134822?
False
Is 2302107 a multiple of 29?
True
Does 232 divide 381872?
True
Does 13 divide 233012?
True
Does 88 divide 57537?
False
Is 273694 a multiple of 572?
False
Does 45 divide 324943?
False
Does 174 divide 752302?
False
Does 49 divide 1369563?
False
Is 9 a factor of 2368208?
False
Is 191258 a multiple of 36?
False
Does 29 divide 2362978?
True
Is 110283 a multiple of 7?
False
Is 2332505 a multiple of 9?
False
Is 9 a factor of 1174203?
True
Is 5780346 a multiple of 3?
True
Is 4609328 a multiple of 532?
False
Is 799 a factor of 4377721?
True
Is 55 a factor of 837050?
False
Is 185 a factor of 307776?
False
Is 29 a factor of 6728?
True
Does 144 divide 831888?
True
Is 67 a factor of 1106237?
True
Does 47 divide 8081387?
False
Does 9 divide 178191?
True
Is 337 a factor of 460909?
False
Is 410 a factor of 760960?
True
Is 193963 even?
False
Does 7 divide 395521?
True